ert -1111001 (base 3) to base 15.
-4c1
302 (base 13) to base 4
13331
What is -4617 (base 8) in base 12?
-14bb
Convert -81 (base 15) to base 5.
-441
What is 3110131 (base 4) in base 8?
32435
Convert -26228 (base 10) to base 3.
-1022222102
Convert -23110 (base 10) to base 4.
-11221012
-30180 (base 12) to base 10
-62448
-10111022 (base 4) to base 2
-100010101001010
What is 111232 (base 4) in base 6?
10234
What is 11010011011101 (base 2) in base 5?
413113
-d6c (base 15) to base 14
-1163
10111101 (base 2) to base 14
d7
Convert -834 (base 10) to base 5.
-11314
9926 (base 10) to base 2
10011011000110
Convert 4090 (base 10) to base 9.
5544
What is -3275 (base 10) in base 11?
-2508
Convert -444 (base 9) to base 15.
-194
55383 (base 9) to base 3
1212102210
What is -1210202 (base 3) in base 8?
-2444
Convert 586 (base 13) to base 15.
43a
-2594 (base 12) to base 8
-10300
Convert -8805 (base 10) to base 3.
-110002010
-24c (base 14) to base 7
-1225
What is 12112 (base 4) in base 5?
3111
1136 (base 11) to base 7
4230
Convert 122222201 (base 3) to base 6.
140414
What is 1111110 (base 2) in base 11?
105
Convert 11001111000010 (base 2) to base 9.
20152
64b (base 13) to base 7
3066
Convert 40021 (base 5) to base 8.
4717
What is -2436 (base 7) in base 10?
-909
Convert 3632 (base 8) to base 11.
150a
Convert -1010000110010 (base 2) to base 11.
-3980
Convert 4356 (base 12) to base 11.
5627
-10221 (base 7) to base 9
-3403
What is -434433 (base 6) in base 12?
-18a19
Convert -66 (base 14) to base 7.
-156
-10958 (base 11) to base 12
-9181
Convert -555 (base 9) to base 7.
-1220
Convert -1649 (base 13) to base 4.
-303020
What is -155 (base 15) in base 2?
-100110001
What is 201102221 (base 3) in base 14?
5245
Convert -6933 (base 14) to base 7.
-104163
What is -22674 (base 8) in base 13?
-4521
Convert -1b24c (base 13) to base 4.
-30332022
Convert 122432 (base 5) to base 13.
220a
Convert -1a823 (base 13) to base 7.
-304230
What is 12f9 (base 16) in base 12?
2989
45462 (base 7) to base 10
11559
What is -699 (base 14) in base 8?
-2437
463 (base 10) to base 14
251
Convert 403232 (base 5) to base 16.
328e
Convert -358 (base 13) to base 5.
-4310
Convert 101212 (base 3) to base 7.
566
214400 (base 7) to base 10
37583
What is -1000010100001100 (base 2) in base 9?
-51644
226 (base 13) to base 12
26a
What is 3435 (base 8) in base 7?
5211
Convert -23314 (base 6) to base 14.
-131c
What is 69a2 (base 11) in base 14?
34c3
Convert 33306 (base 8) to base 16.
36c6
What is 40010 (base 5) in base 9?
3383
Convert -88485 (base 9) to base 2.
-1110010101100001
Convert -50342 (base 6) to base 12.
-39b2
Convert 60 (base 11) to base 3.
2110
-13163 (base 10) to base 13
-5cb7
Convert 127463 (base 8) to base 15.
d451
Convert 57575 (base 9) to base 12.
1a265
-272 (base 11) to base 12
-229
-b70 (base 12) to base 15
-763
-1611 (base 7) to base 10
-645
Convert -1d21 (base 14) to base 3.
-21022002
29de (base 15) to base 13
4121
What is 610 (base 14) in base 13?
707
112b1 (base 12) to base 13
a555
Convert -45401 (base 8) to base 4.
-10230001
Convert -d8b (base 15) to base 3.
-11012012
What is -44872 (base 10) in base 5?
-2413442
Convert -7aa9 (base 11) to base 15.
-324b
-11010001 (base 2) to base 6
-545
What is 1110001101 (base 2) in base 16?
38d
What is -1375 (base 8) in base 2?
-1011111101
Convert -710 (base 16) to base 9.
-2428
-7607 (base 11) to base 9
-14706
-2b8 (base 12) to base 6
-1552
-4053 (base 14) to base 16
-2b29
111011110 (base 2) to base 10
478
Convert -1133332 (base 5) to base 2.
-101001001100100
-22242 (base 6) to base 8
-6062
12147 (base 8) to base 7
21141
Convert 146 (base 11) to base 3.
20100
-369 (base 11) to base 3
-121020
-2b83 (base 14) to base 2
-1111001001111
531 (base 8) to base 3
110210
What is -3a51 (base 13) in base 4?
-2002123
What is -103133 (base 4) in base 7?
-3431
What is -570 (base 14) in base 6?
-4554
What is -45387 (base 10) in base 6?
-550043
223c (base 15) to base 12
4249
Convert 111000011 (base 2) to base 4.
13003
Convert -7ef (base 16) to base 6.
-13223
Convert -22201121 (base 3) to base 7.
-24355
Convert -7a64 (base 14) to base 11.
-14a74
Convert 648 (base 14) to base 2.
10011011000
2942 (base 13) to base 12
3555
1457b (base 14) to base 11
34a22
Convert 55413 (base 6) to base 5.
221323
Convert 603 (base 10) to base 7.
1521
Convert 325 (base 14) to base 7.
1545
What is 2022221 (base 3) in base 5?
23244
What is -2210211 (base 3) in base 5?
-31142
-39a7 (base 11) to base 5
-131244
Convert -10021100 (base 4) to base 14.
-6288
What is 2623b (base 12) in base 7?
305054
Convert -30500 (base 6) to base 3.
-12120200
4b6 (base 14) to base 11
789
Convert 3860 (base 12) to base 11.
48a6
What is -55222 (base 6) in base 4?
-1313132
Convert -98c (base 13) to base 3.
-2020122
28a (base 14) to base 3
201001
-1a54 (base 13) to base 16
-f74
What is 23610 (base 8) in base 5?
310440
Convert -2152 (base 7) to base 2.
-1100000100
1000111001110010 (base 2) to base 8
107162
Convert 12112 (base 3) to base 16.
95
What is -14c (base 15) in base 16?
-129
1276 (base 12) to base 3
2220000
Convert -853 (base 12) to base 16.
-4bf
-10000001101000 (base 2) to base 14
-3048
-7 (base 16) to base 11
-7
-5118 (base 11) to base 14
-2695
Convert 453 (base 9) to base 2.
101110100
Convert -1110000 (base 3) to base 14.
-553
Convert -1eb8 (base 16) to base 5.
-222424
What is -100000011 (base 2) in base 5?
-2014
Convert 126b9 (base 14) to base 10.
45243
What is 11101111111 (base 2) in base 7?
5411
13087 (base 13) to base 16
89bf
Convert -32335 (base 9) to base 8.
-51650
7262 (base 9) to base 10
5321
What is -2185 (base 10) in base 14?
-b21
What is -95a2 (base 13) in base 3?
-1001110112
-110001010000 (base 2) to base 13
-1586
Convert 631 (base 14) to base 10.
1219
2125 (base 12) to base 13
1862
1000001110 (base 2) to base 9
644
Convert da3 (base 16) to base 12.
202b
What is 1334 (base 5) in base 7?
432
11023 (base 4) to base 9
407
What is 101101000110 (base 2) in base 6?
21210
-45432 (base 7) to base 11
-873a
What is -2022100201 (base 3) in base 9?
-68321
-b85 (base 13) to base 9
-2626
What is 1033 (base 7) in base 15?
197
-479 (base 10) to base 15
-21e
1212 (base 6) to base 5
2141
Convert 3cd (base 15) to base 10.
868
What is 100211 (base 3) in base 11?
221
Convert 104333 (base 5) to base 7.
13561
What is -1326 (base 7) in base 2?
-111111110
-13310 (base 6) to base 10
-2058
What is 15e (base 16) in base 10?
350
Convert 113323 (base 4) to base 5.
22111
What is -17c (base 16) in base 2?
-101111100
Convert -528 (base 9) to base 13.
-272
What is -323c (base 13) in base 5?
-210410
-147a (base 15) to base 5
-120030
Convert 1132332 (base 5) to base 7.
115062
-1323202 (base 4) to base 7
-32023
Convert 1011000101000011 (base 2) to base 15.
d6a4
-33c8 (base 15) to base 5
-322423
367 (base 14) to base 13
403
4932 (base 10) to base 2
1001101000100
Convert -14034 (base 5) to base 7.
-3223
723 (base 16) to base 9
2450
Convert 167a (base 14) to base 10.
4028
What is -135035 (base 6) in base 3?
-122111212
-73 (base 8) to base 6
-135
What is 109 (base 16) in base 10?
265
4024 (base 5) to base 12
36a
Convert -2612 (base 10) to base 3.
-10120202
Convert -bc (base 15) to base 5.
-1202
-102213 (base 5) to base 8
-6551
Convert -90 (base 10) to base 16.
-5a
What is 6225 (base 9) in base 14?
1939
25b (base 15) to base 8
1030
Convert 16976 (base 11) to base 9.
35573
Convert -12220 (base 3) to base 2.
-10011111
Convert 3033 (base 7) to base 12.
739
Convert -1121200201 (base 3) to base 12.
-16524
6773 (base 8) to base 4
313323
-591 (base 15) to base 5
-20021
Convert 223112 (base 5) to base 12.
46ab
What is 14230 (base 8) in base 14?
241a
Convert -35663 (base 8) to base 7.
-62362
Convert -42131 (base 6) to base 8.
-13047
Convert -4153 (base 10) to base 12.
-24a1
305 (base 9) to base 2
11111000
Convert 792 (base 12) to base 10.
1118
What is -19813 (base 10) in base 15?
-5d0d
221001011 (base 3) to base 10
18256
-335 (base 16) to base 11
-687
Convert 15421 (base 7) to base 16.
10e7
Convert -442a (base 11) to base 12.
-3468
1000100101011 (base 2) to base 7
15546
-1a99 (base 11) to base 7
-10503
What is -1e6 (base 16) in base 11?
-402
Convert 1001021 (base 3) to base 11.
634
-1211343 (base 5) to base 9
-34147
Convert 41344 (base 6) to base